{"id":56,"date":"2022-10-31T01:55:51","date_gmt":"2022-10-31T01:55:51","guid":{"rendered":"http:\/\/localhost\/wordpress\/?page_id=56"},"modified":"2023-08-12T06:11:27","modified_gmt":"2023-08-12T06:11:27","slug":"consejeria","status":"publish","type":"page","link":"https:\/\/lactaclan.com\/index.php\/consejeria\/","title":{"rendered":"Consejer\u00edas"},"content":{"rendered":"\n<div class=\"inherit-container-width is-layout-constrained wp-block-group alignfull has-white-background-color has-background\">\n<div class=\"is-layout-flex wp-container-7 wp-block-columns\">\n<div class=\"is-layout-flow wp-block-column\" style=\"flex-basis:100%\">\n<div class=\"is-layout-flex wp-container-5 wp-block-columns\">\n<div class=\"is-layout-flow wp-block-column\" style=\"flex-basis:100%\">\n<div class=\"is-layout-flex wp-container-3 wp-block-columns has-ast-global-color-5-background-color has-background\" style=\"border-width:1px\">\n<div class=\"is-layout-flow wp-block-column\" style=\"flex-basis:50%\">\n<h4 class=\"has-text-align-center\" id=\"block-22fcbde0-fa6f-4b91-b5e0-4fba5b2f1b09\"> Consejer\u00edas de lactancia  <\/h4>\n\n\n\n<h5 class=\"has-text-align-center\" id=\"block-22fcbde0-fa6f-4b91-b5e0-4fba5b2f1b09\">  <i class=\"fas fa-heart\"><\/i> + <i class=\"fas fa-person-breastfeeding\"><\/i><\/h5>\n\n\n\n<h5 class=\"has-text-align-center has-ast-global-color-8-color has-text-color\"><\/h5>\n\n\n\n<pre class=\"wp-block-verse has-text-align-center has-ast-global-color-5-color has-ast-global-color-7-background-color has-text-color has-background\">Si sientes que necesitas apoyo con tu lactancia, tienes dudas o alguna situaci\u00f3n que te est\u00e9 costando resolver,  est\u00e1s en el lugar indicado. En una sesi\u00f3n de consejer\u00eda\/asesor\u00eda de lactancia te escuchar\u00e9, resolver\u00e9 todas tus dudas y juntas encontraremos la soluci\u00f3n que mejor se adec\u00fae a tus necesidades. La mayor\u00eda de dificultades se resuelven en una \u00fanica cita, m\u00e1s estrecho seguimiento. <\/pre>\n\n\n\n<p class=\"has-text-align-left has-ast-global-color-8-color has-text-color\"><strong>Todas las sesiones incluyen:<\/strong><\/p>\n\n\n\n<p><i class=\"fas fa-heart\"><\/i> Duraci\u00f3n de 1.5 hora para abordar los temas sin prisa.<br><i class=\"fas fa-heart\"><\/i> Ficha con recomendaciones personalizada.<br><i class=\"fas fa-heart\"><\/i> Seguimiento por whatsapp, por el tiempo que lo necesites.<\/p>\n\n\n\n<hr class=\"wp-block-separator has-text-color has-ast-global-color-1-color has-alpha-channel-opacity has-ast-global-color-1-background-color has-background is-style-dots\"\/>\n<\/div>\n\n\n\n<div class=\"is-layout-flow wp-block-column\" style=\"flex-basis:50%\">\n<p class=\"wp-elements-ab28ef5e758993c998054b3154a15d68 has-text-align-left has-ast-global-color-7-color has-ast-global-color-2-background-color has-text-color has-background has-link-color\">Puedo acompa\u00f1arte en modalidad <strong>virtual&nbsp; <\/strong>a cualquier parte del mundo, adecu\u00e1ndome a horarios especiales, o, <strong>presencial<\/strong> , en el Valle Central de Costa Rica, por medio de visita a domicilio. Para agendar tu cita, escr\u00edbeme al<a rel=\"noreferrer noopener\" href=\"https:\/\/api.whatsapp.com\/send?phone=50672781576\" data-type=\"URL\" data-id=\"https:\/\/api.whatsapp.com\/send?phone=50672781576\" target=\"_blank\"> <i class=\"fab fa-whatsapp\"><\/i> <strong>+506 72781576<\/strong><\/a> <\/p>\n\n\n\n<p class=\"wp-elements-dec68cf6052dc3a2bbbf40508199583d has-text-align-left has-ast-global-color-7-color has-ast-global-color-5-background-color has-text-color has-background has-link-color\">La cita <strong>VIRTUAL<\/strong> de asesor\u00eda de lactancia tiene un valor de <strong>25,000 colones. <\/strong><\/p>\n\n\n\n<span style=\"font-size: 1em; font-weight: 700; letter-spacing: .1em; display: block; background: #4e0303; color: #000; text-align: center; margin: 20px; padding: 20px 15px; \"><link href=\"https:\/\/assets.calendly.com\/assets\/external\/widget.css\" rel=\"stylesheet\"><script src=\"https:\/\/assets.calendly.com\/assets\/external\/widget.js\" type=\"text\/javascript\" async=\"\"><\/script><a style=\"color:#ffffff;\" href=\"\" onclick=\"Calendly.initPopupWidget({url: 'https:\/\/calendly.com\/lactaclancitas'});return false;\"><i class=\"fas fa-calendar-days\"><\/i>Puedes agendar ac\u00e1<\/a><\/span>\n\n\n\n<p>Algunos motivos de consulta son:<\/p>\n\n\n\n<p><i class=\"fas fa-heart\"><\/i> Preparaci\u00f3n prenatal.<br><i class=\"fas fa-heart\"><\/i> Dolor al amamantar.<br><i class=\"fas fa-heart\"><\/i> Dificultades con el acople.<br><i class=\"fas fa-heart\"><\/i> Aumentar la producci\u00f3n de leche.<br><i class=\"fas fa-heart\"><\/i> Relactar(regresar al pecho un beb\u00e9 que lo rechaza).<br><i class=\"fas fa-heart\"><\/i> Crear un banco de leche.<br><i class=\"fas fa-heart\"><\/i> Agitaci\u00f3n al amamantar(aversi\u00f3n de la madre al momento de amamantar).<br><i class=\"fas fa-heart\"><\/i> Destete , entre otras dudas.<\/p>\n\n\n\n<hr class=\"wp-block-separator has-text-color has-ast-global-color-1-color has-alpha-channel-opacity has-ast-global-color-1-background-color has-background is-style-dots\"\/>\n<\/div>\n<\/div>\n<\/div>\n<\/div>\n<\/div>\n<\/div>\n\n\n\n<div class=\"is-layout-flex wp-container-10 wp-block-columns has-border-color has-ast-global-color-6-border-color has-ast-global-color-5-background-color has-background\" style=\"border-width:1px\">\n<div class=\"is-layout-flow wp-block-column has-ast-global-color-7-background-color has-background\">\n<blockquote class=\"wp-block-quote has-white-color has-text-color\" style=\"font-style:italic;font-weight:700\">\n<p><\/p>\n\n\n\n<p class=\"has-text-align-center has-ast-global-color-5-color has-text-color\"><i class=\"fas fa-heart\"><\/i>  <i class=\"fas fa-person-breastfeeding\"><\/i>  <i class=\"fas fa-heart\"><\/i> <\/p>\n\n\n\n<h2 class=\"has-text-align-center has-ast-global-color-5-color has-text-color has-medium-font-size\">\u00abTe felicito por buscar apoyo con tu lactancia. \u00a1Ser\u00e1 un placer acompa\u00f1arte! \u00bb<\/h2>\n<cite>\u2014<strong>Marielos<\/strong><\/cite><\/blockquote>\n<\/div>\n\n\n\n<div class=\"is-layout-flow wp-block-column has-border-color has-ast-global-color-6-border-color has-ast-global-color-5-background-color has-background\" style=\"border-width:1px\">\n<figure class=\"wp-block-image aligncenter size-thumbnail is-resized has-custom-border\"><img decoding=\"async\" loading=\"lazy\" src=\"https:\/\/lactaclan.com\/wp-content\/uploads\/2023\/01\/9.svg\" alt=\"\" class=\"has-border-color has-ast-global-color-5-border-color wp-image-793\" width=\"252\" height=\"340\"\/><\/figure>\n<\/div>\n<\/div>\n<\/div>\n","protected":false},"excerpt":{"rendered":"<p>Consejer\u00edas de lactancia + Si sientes que necesitas apoyo con tu lactancia, tienes dudas o alguna situaci\u00f3n que te est\u00e9 costando resolver, est\u00e1s en el lugar indicado. En una sesi\u00f3n de consejer\u00eda\/asesor\u00eda de lactancia te escuchar\u00e9, resolver\u00e9 todas tus dudas y juntas encontraremos la soluci\u00f3n que mejor se adec\u00fae a tus necesidades. La mayor\u00eda de &hellip;<\/p>\n<p class=\"read-more\"> <a class=\"\" href=\"https:\/\/lactaclan.com\/index.php\/consejeria\/\"> <span class=\"screen-reader-text\">Consejer\u00edas<\/span> Leer m\u00e1s \u00bb<\/a><\/p>\n","protected":false},"author":1,"featured_media":0,"parent":0,"menu_order":0,"comment_status":"closed","ping_status":"closed","template":"","meta":{"inline_featured_image":false,"site-sidebar-layout":"default","site-content-layout":"default","ast-global-header-display":"","ast-main-header-display":"","ast-hfb-above-header-display":"","ast-hfb-below-header-display":"","ast-hfb-mobile-header-display":"","site-post-title":"disabled","ast-breadcrumbs-content":"","ast-featured-img":"","footer-sml-layout":"","theme-transparent-header-meta":"","adv-header-id-meta":"","stick-header-meta":"","header-above-stick-meta":"","header-main-stick-meta":"","header-below-stick-meta":"","two_page_speed":[]},"yoast_head":"<!-- This site is optimized with the Yoast SEO plugin v19.14 - https:\/\/yoast.com\/wordpress\/plugins\/seo\/ -->\n<title>Consejer\u00edas -<\/title>\n<meta name=\"description\" content=\"Lactancia- Embarazo- Beb\u00e9- Ces\u00e1rea- Bilirrubina- asesora de lactancia- banco de leche- maternidad- maternidad - etapas de lactancia\" \/>\n<meta name=\"robots\" content=\"index, follow, max-snippet:-1, max-image-preview:large, max-video-preview:-1\" \/>\n<link rel=\"canonical\" href=\"https:\/\/lactaclan.com\/index.php\/consejeria\/\" \/>\n<meta property=\"og:locale\" content=\"es_ES\" \/>\n<meta property=\"og:type\" content=\"article\" \/>\n<meta property=\"og:title\" content=\"Consejer\u00edas -\" \/>\n<meta property=\"og:description\" content=\"Lactancia- Embarazo- Beb\u00e9- Ces\u00e1rea- Bilirrubina- asesora de lactancia- banco de leche- maternidad- maternidad - etapas de lactancia\" \/>\n<meta property=\"og:url\" content=\"https:\/\/lactaclan.com\/index.php\/consejeria\/\" \/>\n<meta property=\"article:modified_time\" content=\"2023-08-12T06:11:27+00:00\" \/>\n<meta property=\"og:image\" content=\"https:\/\/lactaclan.com\/wp-content\/uploads\/2023\/01\/9.svg\" \/>\n<meta name=\"twitter:card\" content=\"summary_large_image\" \/>\n<meta name=\"twitter:label1\" content=\"Est. reading time\" \/>\n\t<meta name=\"twitter:data1\" content=\"2 minutos\" \/>\n<script type=\"application\/ld+json\" class=\"yoast-schema-graph\">{\"@context\":\"https:\/\/schema.org\",\"@graph\":[{\"@type\":\"WebPage\",\"@id\":\"https:\/\/lactaclan.com\/index.php\/consejeria\/\",\"url\":\"https:\/\/lactaclan.com\/index.php\/consejeria\/\",\"name\":\"Consejer\u00edas -\",\"isPartOf\":{\"@id\":\"https:\/\/lactaclan.com\/#website\"},\"datePublished\":\"2022-10-31T01:55:51+00:00\",\"dateModified\":\"2023-08-12T06:11:27+00:00\",\"description\":\"Lactancia- Embarazo- Beb\u00e9- Ces\u00e1rea- Bilirrubina- asesora de lactancia- banco de leche- maternidad- maternidad - etapas de lactancia\",\"breadcrumb\":{\"@id\":\"https:\/\/lactaclan.com\/index.php\/consejeria\/#breadcrumb\"},\"inLanguage\":\"es-CR\",\"potentialAction\":[{\"@type\":\"ReadAction\",\"target\":[\"https:\/\/lactaclan.com\/index.php\/consejeria\/\"]}]},{\"@type\":\"BreadcrumbList\",\"@id\":\"https:\/\/lactaclan.com\/index.php\/consejeria\/#breadcrumb\",\"itemListElement\":[{\"@type\":\"ListItem\",\"position\":1,\"name\":\"Inicio\",\"item\":\"https:\/\/lactaclan.com\/\"},{\"@type\":\"ListItem\",\"position\":2,\"name\":\"Consejer\u00edas\"}]},{\"@type\":\"WebSite\",\"@id\":\"https:\/\/lactaclan.com\/#website\",\"url\":\"https:\/\/lactaclan.com\/\",\"name\":\"\",\"description\":\"\",\"potentialAction\":[{\"@type\":\"SearchAction\",\"target\":{\"@type\":\"EntryPoint\",\"urlTemplate\":\"https:\/\/lactaclan.com\/?s={search_term_string}\"},\"query-input\":\"required name=search_term_string\"}],\"inLanguage\":\"es-CR\"}]}<\/script>\n<!-- \/ Yoast SEO plugin. -->","yoast_head_json":{"title":"Consejer\u00edas -","description":"Lactancia- Embarazo- Beb\u00e9- Ces\u00e1rea- Bilirrubina- asesora de lactancia- banco de leche- maternidad- maternidad - etapas de lactancia","robots":{"index":"index","follow":"follow","max-snippet":"max-snippet:-1","max-image-preview":"max-image-preview:large","max-video-preview":"max-video-preview:-1"},"canonical":"https:\/\/lactaclan.com\/index.php\/consejeria\/","og_locale":"es_ES","og_type":"article","og_title":"Consejer\u00edas -","og_description":"Lactancia- Embarazo- Beb\u00e9- Ces\u00e1rea- Bilirrubina- asesora de lactancia- banco de leche- maternidad- maternidad - etapas de lactancia","og_url":"https:\/\/lactaclan.com\/index.php\/consejeria\/","article_modified_time":"2023-08-12T06:11:27+00:00","og_image":[{"url":"https:\/\/lactaclan.com\/wp-content\/uploads\/2023\/01\/9.svg"}],"twitter_card":"summary_large_image","twitter_misc":{"Est. reading time":"2 minutos"},"schema":{"@context":"https:\/\/schema.org","@graph":[{"@type":"WebPage","@id":"https:\/\/lactaclan.com\/index.php\/consejeria\/","url":"https:\/\/lactaclan.com\/index.php\/consejeria\/","name":"Consejer\u00edas -","isPartOf":{"@id":"https:\/\/lactaclan.com\/#website"},"datePublished":"2022-10-31T01:55:51+00:00","dateModified":"2023-08-12T06:11:27+00:00","description":"Lactancia- Embarazo- Beb\u00e9- Ces\u00e1rea- Bilirrubina- asesora de lactancia- banco de leche- maternidad- maternidad - etapas de lactancia","breadcrumb":{"@id":"https:\/\/lactaclan.com\/index.php\/consejeria\/#breadcrumb"},"inLanguage":"es-CR","potentialAction":[{"@type":"ReadAction","target":["https:\/\/lactaclan.com\/index.php\/consejeria\/"]}]},{"@type":"BreadcrumbList","@id":"https:\/\/lactaclan.com\/index.php\/consejeria\/#breadcrumb","itemListElement":[{"@type":"ListItem","position":1,"name":"Inicio","item":"https:\/\/lactaclan.com\/"},{"@type":"ListItem","position":2,"name":"Consejer\u00edas"}]},{"@type":"WebSite","@id":"https:\/\/lactaclan.com\/#website","url":"https:\/\/lactaclan.com\/","name":"","description":"","potentialAction":[{"@type":"SearchAction","target":{"@type":"EntryPoint","urlTemplate":"https:\/\/lactaclan.com\/?s={search_term_string}"},"query-input":"required name=search_term_string"}],"inLanguage":"es-CR"}]}},"_links":{"self":[{"href":"https:\/\/lactaclan.com\/index.php\/wp-json\/wp\/v2\/pages\/56"}],"collection":[{"href":"https:\/\/lactaclan.com\/index.php\/wp-json\/wp\/v2\/pages"}],"about":[{"href":"https:\/\/lactaclan.com\/index.php\/wp-json\/wp\/v2\/types\/page"}],"author":[{"embeddable":true,"href":"https:\/\/lactaclan.com\/index.php\/wp-json\/wp\/v2\/users\/1"}],"replies":[{"embeddable":true,"href":"https:\/\/lactaclan.com\/index.php\/wp-json\/wp\/v2\/comments?post=56"}],"version-history":[{"count":18,"href":"https:\/\/lactaclan.com\/index.php\/wp-json\/wp\/v2\/pages\/56\/revisions"}],"predecessor-version":[{"id":1113,"href":"https:\/\/lactaclan.com\/index.php\/wp-json\/wp\/v2\/pages\/56\/revisions\/1113"}],"wp:attachment":[{"href":"https:\/\/lactaclan.com\/index.php\/wp-json\/wp\/v2\/media?parent=56"}],"curies":[{"name":"wp","href":"https:\/\/api.w.org\/{rel}","templated":true}]}}